factor of 510 and 135.
15
Calculate the greatest common divisor of 23783 and 17.
17
Calculate the highest common divisor of 18 and 90.
18
Calculate the highest common factor of 39312 and 672.
336
Calculate the highest common factor of 56 and 10.
2
What is the highest common divisor of 552 and 6?
6
What is the highest common factor of 68 and 1394?
34
Calculate the highest common factor of 286 and 22165.
143
Calculate the greatest common divisor of 43320 and 60.
60
Calculate the greatest common factor of 6 and 1920.
6
What is the highest common divisor of 615 and 30?
15
What is the highest common divisor of 624 and 143?
13
Calculate the highest common factor of 1628 and 220.
44
Calculate the highest common factor of 625 and 135.
5
What is the highest common divisor of 1 and 53?
1
Calculate the greatest common divisor of 49 and 217.
7
What is the greatest common divisor of 4 and 117?
1
Calculate the greatest common divisor of 22 and 836.
22
Calculate the greatest common factor of 178 and 1157.
89
Calculate the highest common factor of 21 and 6.
3
What is the highest common factor of 168 and 63?
21
What is the highest common divisor of 243 and 198?
9
Calculate the greatest common factor of 5967 and 51.
51
What is the greatest common divisor of 825 and 555?
15
What is the highest common divisor of 113 and 226?
113
What is the greatest common factor of 5 and 128?
1
Calculate the highest common factor of 1450 and 116.
58
Calculate the highest common factor of 21962 and 834.
278
Calculate the greatest common factor of 896 and 336.
112
Calculate the greatest common divisor of 55 and 1463.
11
Calculate the greatest common divisor of 34 and 1904.
34
What is the highest common divisor of 28 and 245?
7
Calculate the greatest common divisor of 44 and 891.
11
What is the greatest common factor of 437 and 23?
23
What is the highest common factor of 171 and 5301?
171
Calculate the highest common divisor of 265 and 5.
5
Calculate the highest common divisor of 4 and 1126.
2
What is the highest common factor of 1600 and 50?
50
Calculate the highest common factor of 145 and 2025.
5
What is the greatest common divisor of 144 and 54?
18
Calculate the greatest common factor of 84 and 96.
12
Calculate the greatest common divisor of 3979 and 46.
23
What is the greatest common divisor of 26 and 117?
13
Calculate the greatest common factor of 246 and 2829.
123
Calculate the highest common divisor of 286 and 338.
26
What is the greatest common factor of 6 and 64?
2
Calculate the highest common divisor of 13 and 559.
13
Calculate the greatest common factor of 243 and 9.
9
Calculate the greatest common factor of 8 and 492.
4
What is the highest common divisor of 540 and 108?
108
Calculate the highest common factor of 4 and 28.
4
What is the greatest common divisor of 62 and 465?
31
What is the greatest common factor of 96 and 783?
3
What is the greatest common factor of 34 and 272?
34
Calculate the greatest common divisor of 7205 and 55.
55
What is the highest common factor of 708 and 24?
12
Calculate the highest common factor of 153 and 17.
17
Calculate the greatest common factor of 182 and 26.
26
Calculate the highest common factor of 8339 and 31.
31
Calculate the greatest common divisor of 784 and 68.
4
What is the greatest common divisor of 48 and 1776?
48
What is the greatest common divisor of 90 and 3630?
30
What is the highest common divisor of 13 and 637?
13
What is the highest common divisor of 66 and 4224?
66
What is the highest common divisor of 490 and 210?
70
What is the greatest common divisor of 3066 and 21?
21
Calculate the highest common factor of 22960 and 80.
80
Calculate the greatest common factor of 50 and 12370.
10
Calculate the greatest common factor of 685 and 145.
5
What is the greatest common divisor of 330 and 120?
30
What is the greatest common divisor of 5203 and 363?
121
What is the highest common factor of 12261 and 1809?
201
Calculate the greatest common factor of 66 and 825.
33
What is the highest common divisor of 66 and 14982?
66
What is the greatest common factor of 44 and 34?
2
What is the greatest common factor of 19 and 532?
19
What is the highest common factor of 37888 and 74?
74
Calculate the highest common factor of 2 and 59.
1
Calculate the highest common divisor of 89 and 6319.
89
Calculate the highest common divisor of 2158 and 156.
26
What is the highest common factor of 3832 and 4?
4
Calculate the highest common factor of 1172 and 28.
4
Calculate the greatest common divisor of 1763 and 43.
43
Calculate the greatest common divisor of 13 and 611.
13
Calculate the greatest common factor of 100 and 10100.
100
Calculate the greatest common factor of 35 and 385.
35
Calculate the greatest common divisor of 480 and 96.
96
What is the greatest common divisor of 6669 and 1729?
247
What is the highest common divisor of 44 and 11?
11
Calculate the highest common factor of 135 and 5535.
135
What is the highest common divisor of 3030 and 30?
30
Calculate the highest common factor of 6 and 186.
6
What is the greatest common factor of 15 and 15?
15
What is the highest common divisor of 767 and 78?
13
What is the highest common factor of 65 and 100?
5
What is the greatest common factor of 72 and 1152?
72
What is the highest common factor of 30 and 690?
30
What is the greatest common factor of 6655 and 55?
55
Calculate the greatest common factor of 1643 and 53.
53
Calculate the greatest common factor of 14170 and 130.
130
Calculate the highest common divisor of 235 and 13771.
47
Calculate the greatest common factor of 30060 and 20.
20
What is the highest common divisor of 222 and 814?
74
Calculate the greatest common divisor of 22463 and 7.
7
What is the highest common factor of 341 and 4154?
31
What is the highest common divisor of 75 and 95?
5
Calculate the greatest common factor of 162 and 9153.
81
What is the highest common factor of 9306 and 594?
198
Calculate the highest common divisor of 899 and 1218.
29
What is the greatest common divisor of 76 and 4142?
38
Calculate the highest common factor of 119 and 17.
17
What is the greatest common factor of 136 and 51?
17
Calculate the greatest common divisor of 11098 and 62.
62
Calculate the highest common divisor of 376 and 8.
8
What is the highest common divisor of 20 and 204?
4
Calculate the highest common divisor of 2 and 1556.
2
What is the highest common divisor of 2673 and 9?
9
Calculate the greatest common factor of 262 and 25283.
131
What is the highest common factor of 132 and 176?
44
Calculate the highest common factor of 20 and 10.
10
Calculate the highest common divisor of 177 and 2537.
59
Calculate the greatest common factor of 9 and 216.
9
What is the highest common divisor of 128 and 8?
8
What is the greatest common divisor of 188 and 64?
4
What is the highest common factor of 4025 and 315?
35
What is the greatest common factor of 288 and 312?
24
What is the greatest common divisor of 3531 and 33?
33
Calculate the highest common divisor of 255 and 30.
15
Calculate the highest common divisor of 108 and 8.
4
Calculate the highest common factor of 2542 and 82.
82
Calculate the highest common divisor of 14205 and 75.
15
Calculate the greatest common factor of 108 and 180.
36
Calculate the highest common factor of 114 and 6992.
38
Calculate the highest common divisor of 10 and 4330.
10
Calculate the highest common divisor of 20 and 5140.
20
What is the highest common divisor of 1710 and 10?
10
Calculate the greatest common factor of 21 and 168.
21
What is the highest common divisor of 205 and 164?
41
Calculate the greatest common factor of 5 and 265.
5
Calculate the highest common divisor of 6204 and 108.
12
What is the greatest common factor of 10 and 534?
2
Calculate the greatest common factor of 129 and 9.
3
Calculate the highest common divisor of 2263 and 73.
73
Calculate the highest common divisor of 177 and 9.
3
What is the highest common divisor of 9 and 1152?
9
What is the greatest common divisor of 912 and 342?
114
Calculate the highest common divisor of 33 and 957.
33
Calculate the highest common divisor of 494 and 152.
38
Calculate the greatest common divisor of 117 and 52.
13
What is the greatest common factor of 6 and 422?
2
What is the greatest common factor of 5536 